{"id":9,"date":"2011-05-23T12:31:31","date_gmt":"2011-05-23T12:31:31","guid":{"rendered":"http:\/\/osterbergagard.se\/?page_id=9"},"modified":"2025-09-06T13:19:51","modified_gmt":"2025-09-06T13:19:51","slug":"information","status":"publish","type":"page","link":"https:\/\/osterbergagard.se\/?page_id=9","title":{"rendered":"Information"},"content":{"rendered":"<p>\u00d6sterberga G\u00e5rd &#8211; Bed &amp; Breakfast ligger i Hassler\u00f6r ca 6 km norr om Mariestad. H\u00e4r \u00a0&#8211; utmed E20 &#8211; finns v\u00e4gkrog, bensinstation och servicebutik. G\u00e5rden ligger p\u00e5 g\u00e5ng-\u00a0avst\u00e5nd, och v\u00e4gen hit fram \u00e4r v\u00e4l skyltad.<\/p>\n<p>Vi har fyra dubbelrum, bel\u00e4gna i ena flygeln p\u00e5 g\u00e5rden. Huset \u00e4r byggt 1854 och mycket av interi\u00f6ren \u00e4r original, men i entr\u00e9n finns tv\u00e5 nybyggda badrum som man delar med g\u00e4sterna i de andra rummen. Entr\u00e9n \u00e4r \u00e4ven upprustad och nym\u00e5lad f\u00f6r att ljusa upp huset.<\/p>\n<p>I huset finns ett k\u00f6k med spis, kylsk\u00e5p, mikrov\u00e5gsugn mm.<\/p>\n<p>Att hyra ett rum kostar 850:- per natt om man \u00e4r tv\u00e5, kommer man ensam \u00e4r priset 500:-. (Endast kontant betalning och f\u00f6rbokning g\u00e4ller.) Hundar \u00e4r v\u00e4lkomna men kostar d\u00e5 50 kr\/ natt. Barns\u00e4ng kostar 250 kr\/natt. Vill du hyra hela stugan, s\u00e5 g\u00e5r det bra enligt \u00f6verenskommelse.\u00a0<a href=\"http:\/\/www.vastsverige.com\/sv\/mariestad\/products\/42514\/Osterberga-gard-Bed-Breakfast\/\" target=\"_blank\" rel=\"noopener\">Boka online<\/a>\u00a0(info@osterbergagard.se)<\/p>\n<p>I priset ing\u00e5r handdukar, lakan, frukost och st\u00e4dning.<\/p>\n<p><a href=\"http:\/\/gulasidorna.eniro.se\/query?what=cs&amp;search_word=%D6sterberga+G%E5rd&amp;geo_area=Mariestad\" target=\"_blank\" rel=\"noopener\">L\u00e4nk till Karta (\u00f6ppnas i nytt f\u00f6nster)<\/a><\/p>\n<p style=\"text-align: center;\"><a href=\"http:\/\/media.osterbergagard.se\/2014\/05\/DSC07278-e1401310225837.jpg\"><img loading=\"lazy\" decoding=\"async\" class=\"aligncenter  wp-image-173\" src=\"http:\/\/media.osterbergagard.se\/2014\/05\/DSC07278-e1401310225837.jpg\" alt=\"SONY DSC\" width=\"491\" height=\"327\" \/><\/a><\/p>\n<p style=\"text-align: center;\"><a href=\"http:\/\/media.osterbergagard.se\/2011\/05\/DSC08634.jpg\"><img loading=\"lazy\" decoding=\"async\" class=\"aligncenter  wp-image-196\" src=\"http:\/\/media.osterbergagard.se\/2011\/05\/DSC08634.jpg\" alt=\"SONY DSC\" width=\"490\" height=\"326\" srcset=\"http:\/\/media.osterbergagard.se\/2011\/05\/DSC08634.jpg 1000w, http:\/\/media.osterbergagard.se\/2011\/05\/DSC08634-300x199.jpg 300w\" sizes=\"auto, (max-width: 490px) 100vw, 490px\" \/><\/a><\/p>\n<p style=\"text-align: center;\"><i>V\u00e5r Molly \u00e4r inte s\u00e5 farlig som hon ser ut..<\/i><\/p>\n","protected":false},"excerpt":{"rendered":"<p>\u00d6sterberga G\u00e5rd &#8211; Bed &amp; Breakfast ligger i Hassler\u00f6r ca 6 km norr om Mariestad. H\u00e4r \u00a0&#8211; utmed E20 &#8211; finns v\u00e4gkrog, bensinstation och servicebutik. G\u00e5rden ligger p\u00e5 g\u00e5ng-\u00a0avst\u00e5nd, och v\u00e4gen hit fram \u00e4r v\u00e4l skyltad. Vi har fyra dubbelrum, bel\u00e4gna i ena flygeln p\u00e5 g\u00e5rden. Huset \u00e4r byggt 1854 och mycket av interi\u00f6ren \u00e4r &hellip; <a class=\"read-excerpt\" href=\"https:\/\/osterbergagard.se\/?page_id=9\">Continue reading <span class=\"meta-nav\">&raquo;<\/span><\/a><\/p>\n","protected":false},"author":1,"featured_media":0,"parent":2,"menu_order":1,"comment_status":"closed","ping_status":"open","template":"","meta":{"footnotes":""},"class_list":["post-9","page","type-page","status-publish","hentry"],"_links":{"self":[{"href":"https:\/\/osterbergagard.se\/index.php?rest_route=\/wp\/v2\/pages\/9","targetHints":{"allow":["GET"]}}],"collection":[{"href":"https:\/\/osterbergagard.se\/index.php?rest_route=\/wp\/v2\/pages"}],"about":[{"href":"https:\/\/osterbergagard.se\/index.php?rest_route=\/wp\/v2\/types\/page"}],"author":[{"embeddable":true,"href":"https:\/\/osterbergagard.se\/index.php?rest_route=\/wp\/v2\/users\/1"}],"replies":[{"embeddable":true,"href":"https:\/\/osterbergagard.se\/index.php?rest_route=%2Fwp%2Fv2%2Fcomments&post=9"}],"version-history":[{"count":15,"href":"https:\/\/osterbergagard.se\/index.php?rest_route=\/wp\/v2\/pages\/9\/revisions"}],"predecessor-version":[{"id":267,"href":"https:\/\/osterbergagard.se\/index.php?rest_route=\/wp\/v2\/pages\/9\/revisions\/267"}],"up":[{"embeddable":true,"href":"https:\/\/osterbergagard.se\/index.php?rest_route=\/wp\/v2\/pages\/2"}],"wp:attachment":[{"href":"https:\/\/osterbergagard.se\/index.php?rest_route=%2Fwp%2Fv2%2Fmedia&parent=9"}],"curies":[{"name":"wp","href":"https:\/\/api.w.org\/{rel}","templated":true}]}}