{"id":31,"date":"2011-05-23T12:36:29","date_gmt":"2011-05-23T12:36:29","guid":{"rendered":"http:\/\/osterbergagard.se\/?page_id=31"},"modified":"2025-09-06T13:23:04","modified_gmt":"2025-09-06T13:23:04","slug":"der-hof","status":"publish","type":"page","link":"https:\/\/osterbergagard.se\/?page_id=31","title":{"rendered":"Der Hof"},"content":{"rendered":"<p style=\"text-align: center;\"><a href=\"http:\/\/media.osterbergagard.se\/2011\/05\/DSC02170f\u00f6rminskad2.jpg\"><img loading=\"lazy\" decoding=\"async\" class=\"alignnone  wp-image-101\" title=\"Framsida huset (f\u00f6rminskad)\" src=\"http:\/\/media.osterbergagard.se\/2011\/05\/DSC02170f\u00f6rminskad2.jpg\" alt=\"\" width=\"477\" height=\"293\" srcset=\"http:\/\/media.osterbergagard.se\/2011\/05\/DSC02170f\u00f6rminskad2.jpg 600w, http:\/\/media.osterbergagard.se\/2011\/05\/DSC02170f\u00f6rminskad2-300x184.jpg 300w\" sizes=\"auto, (max-width: 477px) 100vw, 477px\" \/><\/a><\/p>\n<p>Der Hof liegt h\u00fcbsch eingebettet in die schwedische Natur, nicht weit entfernt von der Kirche\u00a0in Berga, die zu besuchen sich wirklich lohnt.<\/p>\n<p>\u00d6sterberga G\u00e5rd hat eine lange Geschichte und ist erstmals 1503 schriftlich erw\u00e4hnt. Zu\u00a0dieser Zeit geh\u00f6rte der Hof zum Kloster Vadstena. Als Gustav Vasa 1527 die Reformation\u00a0durchf\u00fchrte, wurde der Hof im Zuge der S\u00e4kularisation vom Staat eingezogen und verblieb\u00a0in dessen Besitz bis er Ende des 17. Jahrhunderts ein Herrenhof wurde. 2005 kaufte Der jetzige Besitzer Rasmus Hammar den Hof, wo er jetzt seine Bed- &amp; Breakfast-T\u00e4tigkeit betreibt.<\/p>\n<p>Das Hauptgeb\u00e4ude und der \u00f6stliche Fl\u00fcgel sind aus dem Jahre 1750. Der andere Fl\u00fcgel, in dem sich die Mietzimmer befinden, wurde in der Mitte des 19. Jahrhunderts gebaut. Zu dem Hof geh\u00f6ren auch eine alte Scheune und eine Schmiede.<\/p>\n<p>Das Fl\u00fcgelgeb\u00e4ude und seine vier h\u00fcbschen Doppelzimmern haben eine ganz spezielle Inneneinrichtung, die letzligen Besitrern so viel wie m\u00f6glich im Original erhalten wollten. In einem alten Haus gibt es Generationen von Farbschichten und indem man nach und nach T\u00fcren und Leisten abgeschliffen und neu gemalt hat, hat man auch Spuren der unterschiedlichen Schichten hinterlassen. Die Treppe besteht noch zum Gro\u00dfteil aus ihren urspr\u00fcnglichen Stufen und der Boden aus seinen alten Dielenbrettern.<\/p>\n<p>Fr\u00fchst\u00fcck und andere Mahlzeiten werden im Esszimmer der K\u00fcche im der Fl\u00fcsse serviert &#8211; oder warum nicht auch drau\u00dfen im Garten?<\/p>\n<p style=\"text-align: center;\"><a href=\"http:\/\/media.osterbergagard.se\/2011\/05\/DSC00220.jpg\"><img loading=\"lazy\" decoding=\"async\" class=\"aligncenter  wp-image-242\" src=\"http:\/\/media.osterbergagard.se\/2011\/05\/DSC00220.jpg\" alt=\"SONY DSC\" width=\"462\" height=\"307\" srcset=\"http:\/\/media.osterbergagard.se\/2011\/05\/DSC00220.jpg 800w, http:\/\/media.osterbergagard.se\/2011\/05\/DSC00220-300x199.jpg 300w, http:\/\/media.osterbergagard.se\/2011\/05\/DSC00220-541x360.jpg 541w\" sizes=\"auto, (max-width: 462px) 100vw, 462px\" \/><\/a><\/p>\n<p style=\"text-align: center;\"><a href=\"http:\/\/media.osterbergagard.se\/2011\/05\/DSC00208.jpg\"><img loading=\"lazy\" decoding=\"async\" class=\"aligncenter  wp-image-240\" src=\"http:\/\/media.osterbergagard.se\/2011\/05\/DSC00208.jpg\" alt=\"SONY DSC\" width=\"466\" height=\"310\" srcset=\"http:\/\/media.osterbergagard.se\/2011\/05\/DSC00208.jpg 800w, http:\/\/media.osterbergagard.se\/2011\/05\/DSC00208-300x199.jpg 300w, http:\/\/media.osterbergagard.se\/2011\/05\/DSC00208-541x360.jpg 541w\" sizes=\"auto, (max-width: 466px) 100vw, 466px\" \/><\/a><\/p>\n<p style=\"text-align: center;\"><a href=\"http:\/\/media.osterbergagard.se\/2011\/05\/10478236_486379304826848_7340998937580138574_n1.jpg\"><img loading=\"lazy\" decoding=\"async\" class=\"aligncenter  wp-image-213\" src=\"http:\/\/media.osterbergagard.se\/2011\/05\/10478236_486379304826848_7340998937580138574_n1.jpg\" alt=\"10478236_486379304826848_7340998937580138574_n\" width=\"376\" height=\"504\" srcset=\"http:\/\/media.osterbergagard.se\/2011\/05\/10478236_486379304826848_7340998937580138574_n1.jpg 540w, http:\/\/media.osterbergagard.se\/2011\/05\/10478236_486379304826848_7340998937580138574_n1-224x300.jpg 224w\" sizes=\"auto, (max-width: 376px) 100vw, 376px\" \/><\/a><\/p>\n<p style=\"text-align: center;\"><a href=\"http:\/\/media.osterbergagard.se\/2011\/05\/DSC073101.jpg\"><img loading=\"lazy\" decoding=\"async\" class=\"aligncenter  wp-image-150\" title=\"SONY DSC\" src=\"http:\/\/media.osterbergagard.se\/2011\/05\/DSC073101.jpg\" alt=\"\" width=\"526\" height=\"350\" srcset=\"http:\/\/media.osterbergagard.se\/2011\/05\/DSC073101.jpg 800w, http:\/\/media.osterbergagard.se\/2011\/05\/DSC073101-300x199.jpg 300w\" sizes=\"auto, (max-width: 526px) 100vw, 526px\" \/><\/a><\/p>\n","protected":false},"excerpt":{"rendered":"<p>Der Hof liegt h\u00fcbsch eingebettet in die schwedische Natur, nicht weit entfernt von der Kirche\u00a0in Berga, die zu besuchen sich wirklich lohnt. \u00d6sterberga G\u00e5rd hat eine lange Geschichte und ist erstmals 1503 schriftlich erw\u00e4hnt. Zu\u00a0dieser Zeit geh\u00f6rte der Hof zum Kloster Vadstena. Als Gustav Vasa 1527 die Reformation\u00a0durchf\u00fchrte, wurde der Hof im Zuge der S\u00e4kularisation &hellip; <a class=\"read-excerpt\" href=\"https:\/\/osterbergagard.se\/?page_id=31\">Continue reading <span class=\"meta-nav\">&raquo;<\/span><\/a><\/p>\n","protected":false},"author":1,"featured_media":0,"parent":7,"menu_order":2,"comment_status":"closed","ping_status":"open","template":"","meta":{"footnotes":""},"class_list":["post-31","page","type-page","status-publish","hentry"],"_links":{"self":[{"href":"https:\/\/osterbergagard.se\/index.php?rest_route=\/wp\/v2\/pages\/31","targetHints":{"allow":["GET"]}}],"collection":[{"href":"https:\/\/osterbergagard.se\/index.php?rest_route=\/wp\/v2\/pages"}],"about":[{"href":"https:\/\/osterbergagard.se\/index.php?rest_route=\/wp\/v2\/types\/page"}],"author":[{"embeddable":true,"href":"https:\/\/osterbergagard.se\/index.php?rest_route=\/wp\/v2\/users\/1"}],"replies":[{"embeddable":true,"href":"https:\/\/osterbergagard.se\/index.php?rest_route=%2Fwp%2Fv2%2Fcomments&post=31"}],"version-history":[{"count":7,"href":"https:\/\/osterbergagard.se\/index.php?rest_route=\/wp\/v2\/pages\/31\/revisions"}],"predecessor-version":[{"id":245,"href":"https:\/\/osterbergagard.se\/index.php?rest_route=\/wp\/v2\/pages\/31\/revisions\/245"}],"up":[{"embeddable":true,"href":"https:\/\/osterbergagard.se\/index.php?rest_route=\/wp\/v2\/pages\/7"}],"wp:attachment":[{"href":"https:\/\/osterbergagard.se\/index.php?rest_route=%2Fwp%2Fv2%2Fmedia&parent=31"}],"curies":[{"name":"wp","href":"https:\/\/api.w.org\/{rel}","templated":true}]}}

<p style="text-align: center;"><a href="http://media.osterbergagard.se/2011/05/DSC02170förminskad2.jpg"><img loading="lazy" decoding="async" class="alignnone  wp-image-101" title="Framsida huset (förminskad)" src="http://media.osterbergagard.se/2011/05/DSC02170förminskad2.jpg" alt="" width="477" height="293" srcset="http://media.osterbergagard.se/2011/05/DSC02170förminskad2.jpg 600w, http://media.osterbergagard.se/2011/05/DSC02170förminskad2-300x184.jpg 300w" sizes="auto, (max-width: 477px) 100vw, 477px" /></a></p>
<p>Der Hof liegt hübsch eingebettet in die schwedische Natur, nicht weit entfernt von der Kirche in Berga, die zu besuchen sich wirklich lohnt.</p>
<p>Österberga Gård hat eine lange Geschichte und ist erstmals 1503 schriftlich erwähnt. Zu dieser Zeit gehörte der Hof zum Kloster Vadstena. Als Gustav Vasa 1527 die Reformation durchführte, wurde der Hof im Zuge der Säkularisation vom Staat eingezogen und verblieb in dessen Besitz bis er Ende des 17. Jahrhunderts ein Herrenhof wurde. 2005 kaufte Der jetzige Besitzer Rasmus Hammar den Hof, wo er jetzt seine Bed- &amp; Breakfast-Tätigkeit betreibt.</p>
<p>Das Hauptgebäude und der östliche Flügel sind aus dem Jahre 1750. Der andere Flügel, in dem sich die Mietzimmer befinden, wurde in der Mitte des 19. Jahrhunderts gebaut. Zu dem Hof gehören auch eine alte Scheune und eine Schmiede.</p>
<p>Das Flügelgebäude und seine vier hübschen Doppelzimmern haben eine ganz spezielle Inneneinrichtung, die letzligen Besitrern so viel wie möglich im Original erhalten wollten. In einem alten Haus gibt es Generationen von Farbschichten und indem man nach und nach Türen und Leisten abgeschliffen und neu gemalt hat, hat man auch Spuren der unterschiedlichen Schichten hinterlassen. Die Treppe besteht noch zum Großteil aus ihren ursprünglichen Stufen und der Boden aus seinen alten Dielenbrettern.</p>
<p>Frühstück und andere Mahlzeiten werden im Esszimmer der Küche im der Flüsse serviert &#8211; oder warum nicht auch draußen im Garten?</p>
<p style="text-align: center;"><a href="http://media.osterbergagard.se/2011/05/DSC00220.jpg"><img loading="lazy" decoding="async" class="aligncenter  wp-image-242" src="http://media.osterbergagard.se/2011/05/DSC00220.jpg" alt="SONY DSC" width="462" height="307" srcset="http://media.osterbergagard.se/2011/05/DSC00220.jpg 800w, http://media.osterbergagard.se/2011/05/DSC00220-300x199.jpg 300w, http://media.osterbergagard.se/2011/05/DSC00220-541x360.jpg 541w" sizes="auto, (max-width: 462px) 100vw, 462px" /></a></p>
<p style="text-align: center;"><a href="http://media.osterbergagard.se/2011/05/DSC00208.jpg"><img loading="lazy" decoding="async" class="aligncenter  wp-image-240" src="http://media.osterbergagard.se/2011/05/DSC00208.jpg" alt="SONY DSC" width="466" height="310" srcset="http://media.osterbergagard.se/2011/05/DSC00208.jpg 800w, http://media.osterbergagard.se/2011/05/DSC00208-300x199.jpg 300w, http://media.osterbergagard.se/2011/05/DSC00208-541x360.jpg 541w" sizes="auto, (max-width: 466px) 100vw, 466px" /></a></p>
<p style="text-align: center;"><a href="http://media.osterbergagard.se/2011/05/10478236_486379304826848_7340998937580138574_n1.jpg"><img loading="lazy" decoding="async" class="aligncenter  wp-image-213" src="http://media.osterbergagard.se/2011/05/10478236_486379304826848_7340998937580138574_n1.jpg" alt="10478236_486379304826848_7340998937580138574_n" width="376" height="504" srcset="http://media.osterbergagard.se/2011/05/10478236_486379304826848_7340998937580138574_n1.jpg 540w, http://media.osterbergagard.se/2011/05/10478236_486379304826848_7340998937580138574_n1-224x300.jpg 224w" sizes="auto, (max-width: 376px) 100vw, 376px" /></a></p>
<p style="text-align: center;"><a href="http://media.osterbergagard.se/2011/05/DSC073101.jpg"><img loading="lazy" decoding="async" class="aligncenter  wp-image-150" title="SONY DSC" src="http://media.osterbergagard.se/2011/05/DSC073101.jpg" alt="" width="526" height="350" srcset="http://media.osterbergagard.se/2011/05/DSC073101.jpg 800w, http://media.osterbergagard.se/2011/05/DSC073101-300x199.jpg 300w" sizes="auto, (max-width: 526px) 100vw, 526px" /></a></p>

<p>Der Hof liegt hübsch eingebettet in die schwedische Natur, nicht weit entfernt von der Kirche in Berga, die zu besuchen sich wirklich lohnt. Österberga Gård hat eine lange Geschichte und ist erstmals 1503 schriftlich erwähnt. Zu dieser Zeit gehörte der Hof zum Kloster Vadstena. Als Gustav Vasa 1527 die Reformation durchführte, wurde der Hof im Zuge der Säkularisation &hellip; <a class="read-excerpt" href="https://osterbergagard.se/?page_id=31">Continue reading <span class="meta-nav">&raquo;</span></a></p>
