{"id":33,"date":"2011-05-23T12:36:49","date_gmt":"2011-05-23T12:36:49","guid":{"rendered":"http:\/\/osterbergagard.se\/?page_id=33"},"modified":"2025-09-06T13:23:22","modified_gmt":"2025-09-06T13:23:22","slug":"aktivitaten","status":"publish","type":"page","link":"http:\/\/osterbergagard.se\/?page_id=33","title":{"rendered":"Aktivit\u00e4ten"},"content":{"rendered":"<p>Zum Snapens Freizeitgel\u00e4nde sind es mit dem Fahrrad 15 Minuten. Dort gibt es ein Bad, Sauna, Kanus, Trimm-Dich-Pfad und\u00a0eine Gastwirtschaft. F\u00e4hrt man etwas weiter, dann kommt man nach Tors\u00f6 mit seinen\u00a0h\u00fcbschen Str\u00e4nden und seiner sch\u00f6nen Natur. Neben weiteren netten Ausflugszielen, die\u00a0mit dem Fahrrad erkundet werden k\u00f6nnen, sind vor allem Sj\u00f6torp mit G\u00f6ta Kanal sowie Innenstadt und Hafen von Mariehamn nennenswert. F\u00fcr diejenigen, die gerne l\u00e4ngere Ausfl\u00fcge unternehmen m\u00f6chten, gibt es viele unterschiedliche M\u00f6glichkeiten. Folgen Sie gerne den &#8220;Links&#8221; zu den Informationen \u00fcber die anderen Ausflugsziele.<\/p>\n<p><a href=\"http:\/\/www.lackoslott.se\/\" target=\"_blank\">L\u00e4ck\u00f6 Slott<\/a> |\u00a0<a href=\"http:\/\/www.mariestad.se\/\" target=\"_blank\">Mariestad<\/a> |\u00a0<a href=\"http:\/\/www.mariestadsgk.se\/\" target=\"_blank\">Mariestads Golfklubb<\/a> |\u00a0<a href=\"http:\/\/www.torebodagolfklubb.se\/\" target=\"_blank\">T\u00f6reboda Golfklubb<\/a> |\u00a0<a href=\"http:\/\/www.vastsverige.com\/sv\/mariestad\/products\/42725\/Vadsbo-Museum-och-Mariestads-Industrimuseum\/\" target=\"_blank\">Vadsbo Museum<\/a> |\u00a0<a href=\"http:\/\/www.sommarland.se\/\" target=\"_blank\">Skara Sommarland<\/a> |\u00a0<a href=\"http:\/\/www.gotakanal.se\/\" target=\"_blank\">G\u00f6ta Kanal<\/a><\/p>\n<p style=\"text-align: center;\"><a href=\"http:\/\/media.osterbergagard.se\/2011\/05\/DSC07302.jpg\"><img loading=\"lazy\" decoding=\"async\" class=\"aligncenter  wp-image-152\" title=\"SONY DSC\" src=\"http:\/\/media.osterbergagard.se\/2011\/05\/DSC07302.jpg\" alt=\"\" width=\"583\" height=\"388\" srcset=\"http:\/\/media.osterbergagard.se\/2011\/05\/DSC07302.jpg 800w, http:\/\/media.osterbergagard.se\/2011\/05\/DSC07302-300x199.jpg 300w\" sizes=\"auto, (max-width: 583px) 100vw, 583px\" \/><\/a><\/p>\n","protected":false},"excerpt":{"rendered":"<p>Zum Snapens Freizeitgel\u00e4nde sind es mit dem Fahrrad 15 Minuten. Dort gibt es ein Bad, Sauna, Kanus, Trimm-Dich-Pfad und\u00a0eine Gastwirtschaft. F\u00e4hrt man etwas weiter, dann kommt man nach Tors\u00f6 mit seinen\u00a0h\u00fcbschen Str\u00e4nden und seiner sch\u00f6nen Natur. Neben weiteren netten Ausflugszielen, die\u00a0mit dem Fahrrad erkundet werden k\u00f6nnen, sind vor allem Sj\u00f6torp mit G\u00f6ta Kanal sowie Innenstadt &hellip; <a class=\"read-excerpt\" href=\"http:\/\/osterbergagard.se\/?page_id=33\">Continue reading <span class=\"meta-nav\">&raquo;<\/span><\/a><\/p>\n","protected":false},"author":1,"featured_media":0,"parent":7,"menu_order":3,"comment_status":"closed","ping_status":"open","template":"","meta":{"footnotes":""},"class_list":["post-33","page","type-page","status-publish","hentry"],"_links":{"self":[{"href":"http:\/\/osterbergagard.se\/index.php?rest_route=\/wp\/v2\/pages\/33","targetHints":{"allow":["GET"]}}],"collection":[{"href":"http:\/\/osterbergagard.se\/index.php?rest_route=\/wp\/v2\/pages"}],"about":[{"href":"http:\/\/osterbergagard.se\/index.php?rest_route=\/wp\/v2\/types\/page"}],"author":[{"embeddable":true,"href":"http:\/\/osterbergagard.se\/index.php?rest_route=\/wp\/v2\/users\/1"}],"replies":[{"embeddable":true,"href":"http:\/\/osterbergagard.se\/index.php?rest_route=%2Fwp%2Fv2%2Fcomments&post=33"}],"version-history":[{"count":4,"href":"http:\/\/osterbergagard.se\/index.php?rest_route=\/wp\/v2\/pages\/33\/revisions"}],"predecessor-version":[{"id":229,"href":"http:\/\/osterbergagard.se\/index.php?rest_route=\/wp\/v2\/pages\/33\/revisions\/229"}],"up":[{"embeddable":true,"href":"http:\/\/osterbergagard.se\/index.php?rest_route=\/wp\/v2\/pages\/7"}],"wp:attachment":[{"href":"http:\/\/osterbergagard.se\/index.php?rest_route=%2Fwp%2Fv2%2Fmedia&parent=33"}],"curies":[{"name":"wp","href":"https:\/\/api.w.org\/{rel}","templated":true}]}}