{"id":11,"date":"2011-05-23T12:32:09","date_gmt":"2011-05-23T12:32:09","guid":{"rendered":"http:\/\/osterbergagard.se\/?page_id=11"},"modified":"2025-09-06T13:20:03","modified_gmt":"2025-09-06T13:20:03","slug":"garden","status":"publish","type":"page","link":"http:\/\/osterbergagard.se\/?page_id=11","title":{"rendered":"G\u00e5rden"},"content":{"rendered":"<p style=\"text-align: center;\"><a href=\"http:\/\/media.osterbergagard.se\/2011\/05\/DSC02170f\u00f6rminskad.jpg\"><img loading=\"lazy\" decoding=\"async\" class=\"alignnone size-full wp-image-97\" title=\"Framsida huset (f\u00f6rminskad)\" src=\"http:\/\/media.osterbergagard.se\/2011\/05\/DSC02170f\u00f6rminskad.jpg\" alt=\"\" width=\"600\" height=\"369\" srcset=\"http:\/\/media.osterbergagard.se\/2011\/05\/DSC02170f\u00f6rminskad.jpg 600w, http:\/\/media.osterbergagard.se\/2011\/05\/DSC02170f\u00f6rminskad-300x184.jpg 300w\" sizes=\"auto, (max-width: 600px) 100vw, 600px\" \/><\/a><\/p>\n<p>G\u00e5rden ligger vackert inb\u00e4ddad i den svenska naturen, inte l\u00e5ngt fr\u00e5n Berga kyrka som\u00a0\u00e4r v\u00e4l v\u00e4rd ett bes\u00f6k.<\/p>\n<p>\u00d6sterberga G\u00e5rd har en l\u00e5ng historia och finns omn\u00e4mnd redan 1503, d\u00e5 den tillh\u00f6rde\u00a0Vadstena kloster. N\u00e4r Gustav Vasa 1527 genomf\u00f6rde reformationen, drogs g\u00e5rden in till\u00a0staten och f\u00f6rblev sedan i dess \u00e4go, f\u00f6r att i slutet av 1600-talet bli l\u00e4nsmansg\u00e5rd. 2005\u00a0k\u00f6pte Rasmus Hammar g\u00e5rden och etablerade Bed &amp; Breakfast-verksamhet.<\/p>\n<p>Huvudbyggnaden och den \u00f6stra flygeln \u00e4r fr\u00e5n 1750 och den andra flygeln, d\u00e4r hyresrummen finns, \u00e4r byggd vid 1800-talets mitt. P\u00e5 g\u00e5rden finns ocks\u00e5 en gammal ladug\u00e5rd och en smedja.<\/p>\n<p>Flygeln och dess fyra vackra dubbelrum har en mycket speciell interi\u00f6r och h\u00e4r har man velat bevara s\u00e5 mycket som m\u00f6jligt i original. I ett gammalt hus finns m\u00e5nga lager f\u00e4rg och allt eftersom man skrapat d\u00f6rrar och lister har man ocks\u00e5 l\u00e4mnat sp\u00e5r av de olika lagren. Trappan har kvar de flesta av sina gamla steg och golven sina gamla plankor.<\/p>\n<p>Frukost och andra m\u00e5ltider \u00e4ter man i eget k\u00f6k, eller varf\u00f6r inte ute i tr\u00e4dg\u00e5rden?<\/p>\n<p>(OBS! Endast kontant betalning och f\u00f6rbokning g\u00e4ller.)<\/p>\n<p style=\"text-align: center;\"><a href=\"http:\/\/media.osterbergagard.se\/2011\/05\/DSC00208.jpg\"><img loading=\"lazy\" decoding=\"async\" class=\"aligncenter  wp-image-240\" src=\"http:\/\/media.osterbergagard.se\/2011\/05\/DSC00208.jpg\" alt=\"SONY DSC\" width=\"461\" height=\"306\" srcset=\"http:\/\/media.osterbergagard.se\/2011\/05\/DSC00208.jpg 800w, http:\/\/media.osterbergagard.se\/2011\/05\/DSC00208-300x199.jpg 300w, http:\/\/media.osterbergagard.se\/2011\/05\/DSC00208-541x360.jpg 541w\" sizes=\"auto, (max-width: 461px) 100vw, 461px\" \/><\/a><\/p>\n<p style=\"text-align: center;\"><a href=\"http:\/\/media.osterbergagard.se\/2011\/05\/DSC00220.jpg\"><img loading=\"lazy\" decoding=\"async\" class=\"aligncenter  wp-image-242\" src=\"http:\/\/media.osterbergagard.se\/2011\/05\/DSC00220.jpg\" alt=\"SONY DSC\" width=\"465\" height=\"309\" srcset=\"http:\/\/media.osterbergagard.se\/2011\/05\/DSC00220.jpg 800w, http:\/\/media.osterbergagard.se\/2011\/05\/DSC00220-300x199.jpg 300w, http:\/\/media.osterbergagard.se\/2011\/05\/DSC00220-541x360.jpg 541w\" sizes=\"auto, (max-width: 465px) 100vw, 465px\" \/><\/a><\/p>\n<p style=\"text-align: center;\"><a href=\"http:\/\/media.osterbergagard.se\/2011\/05\/10478236_486379304826848_7340998937580138574_n1.jpg\"><img loading=\"lazy\" decoding=\"async\" class=\"aligncenter  wp-image-213\" src=\"http:\/\/media.osterbergagard.se\/2011\/05\/10478236_486379304826848_7340998937580138574_n1.jpg\" alt=\"10478236_486379304826848_7340998937580138574_n\" width=\"346\" height=\"464\" srcset=\"http:\/\/media.osterbergagard.se\/2011\/05\/10478236_486379304826848_7340998937580138574_n1.jpg 540w, http:\/\/media.osterbergagard.se\/2011\/05\/10478236_486379304826848_7340998937580138574_n1-224x300.jpg 224w\" sizes=\"auto, (max-width: 346px) 100vw, 346px\" \/><\/a><\/p>\n<p style=\"text-align: center;\"><a href=\"http:\/\/media.osterbergagard.se\/2011\/05\/DSC073101.jpg\"><img loading=\"lazy\" decoding=\"async\" class=\"aligncenter  wp-image-150\" title=\"SONY DSC\" src=\"http:\/\/media.osterbergagard.se\/2011\/05\/DSC073101.jpg\" alt=\"\" width=\"472\" height=\"314\" srcset=\"http:\/\/media.osterbergagard.se\/2011\/05\/DSC073101.jpg 800w, http:\/\/media.osterbergagard.se\/2011\/05\/DSC073101-300x199.jpg 300w\" sizes=\"auto, (max-width: 472px) 100vw, 472px\" \/><\/a><a href=\"http:\/\/media.osterbergagard.se\/2011\/05\/DSC073101.jpg\"><br \/>\n<\/a><a href=\"http:\/\/media.osterbergagard.se\/2011\/05\/DSC07310.jpg\"><br \/>\n<\/a><\/p>\n","protected":false},"excerpt":{"rendered":"<p>G\u00e5rden ligger vackert inb\u00e4ddad i den svenska naturen, inte l\u00e5ngt fr\u00e5n Berga kyrka som\u00a0\u00e4r v\u00e4l v\u00e4rd ett bes\u00f6k. \u00d6sterberga G\u00e5rd har en l\u00e5ng historia och finns omn\u00e4mnd redan 1503, d\u00e5 den tillh\u00f6rde\u00a0Vadstena kloster. N\u00e4r Gustav Vasa 1527 genomf\u00f6rde reformationen, drogs g\u00e5rden in till\u00a0staten och f\u00f6rblev sedan i dess \u00e4go, f\u00f6r att i slutet av 1600-talet &hellip; <a class=\"read-excerpt\" href=\"http:\/\/osterbergagard.se\/?page_id=11\">Continue reading <span class=\"meta-nav\">&raquo;<\/span><\/a><\/p>\n","protected":false},"author":1,"featured_media":0,"parent":2,"menu_order":2,"comment_status":"closed","ping_status":"open","template":"","meta":{"footnotes":""},"class_list":["post-11","page","type-page","status-publish","hentry"],"_links":{"self":[{"href":"http:\/\/osterbergagard.se\/index.php?rest_route=\/wp\/v2\/pages\/11","targetHints":{"allow":["GET"]}}],"collection":[{"href":"http:\/\/osterbergagard.se\/index.php?rest_route=\/wp\/v2\/pages"}],"about":[{"href":"http:\/\/osterbergagard.se\/index.php?rest_route=\/wp\/v2\/types\/page"}],"author":[{"embeddable":true,"href":"http:\/\/osterbergagard.se\/index.php?rest_route=\/wp\/v2\/users\/1"}],"replies":[{"embeddable":true,"href":"http:\/\/osterbergagard.se\/index.php?rest_route=%2Fwp%2Fv2%2Fcomments&post=11"}],"version-history":[{"count":7,"href":"http:\/\/osterbergagard.se\/index.php?rest_route=\/wp\/v2\/pages\/11\/revisions"}],"predecessor-version":[{"id":243,"href":"http:\/\/osterbergagard.se\/index.php?rest_route=\/wp\/v2\/pages\/11\/revisions\/243"}],"up":[{"embeddable":true,"href":"http:\/\/osterbergagard.se\/index.php?rest_route=\/wp\/v2\/pages\/2"}],"wp:attachment":[{"href":"http:\/\/osterbergagard.se\/index.php?rest_route=%2Fwp%2Fv2%2Fmedia&parent=11"}],"curies":[{"name":"wp","href":"https:\/\/api.w.org\/{rel}","templated":true}]}}